{"id":2895,"date":"2025-03-31T11:37:12","date_gmt":"2025-03-31T14:37:12","guid":{"rendered":"https:\/\/hygeiadesenv.academica.fsp.usp.br\/?page_id=2895"},"modified":"2025-07-11T11:33:30","modified_gmt":"2025-07-11T14:33:30","slug":"apresentacao","status":"publish","type":"page","link":"https:\/\/academica.fsp.usp.br\/","title":{"rendered":""},"content":{"rendered":"\n<div class=\"wp-block-columns is-layout-flex wp-container-core-columns-is-layout-9d6595d7 wp-block-columns-is-layout-flex\">\n<div class=\"wp-block-column is-layout-flow wp-block-column-is-layout-flow\">\n<p class=\"has-text-align-center has-white-color has-text-color has-background has-link-color wp-elements-b7646c961593a1fe9a35f3dffb5204aa\" style=\"background-color:#1094ab\"><a href=\"https:\/\/academica.fsp.usp.br\/index.php\/2025\/04\/07\/3010\/\"><strong>Carreira Docente<\/strong><\/a><\/p>\n<\/div>\n\n\n\n<div class=\"wp-block-column is-layout-flow wp-block-column-is-layout-flow\">\n<p class=\"has-text-align-center has-white-color has-text-color has-background has-link-color wp-elements-b04c449a4895e5247f300ceaf04d7f67\" style=\"background-color:#1094ab\"><a href=\"https:\/\/academica.fsp.usp.br\/index.php\/2025\/04\/07\/eleicoes\/\"><strong>Elei\u00e7\u00f5es<\/strong><\/a><\/p>\n<\/div>\n\n\n\n<div class=\"wp-block-column is-layout-flow wp-block-column-is-layout-flow\">\n<p class=\"has-text-align-center has-white-color has-text-color has-background has-link-color wp-elements-0bf0a8e1d3196280b6710fb6a8992a07\" style=\"background-color:#1094ab\"><a href=\"https:\/\/academica.fsp.usp.br\/index.php\/2025\/07\/11\/legislacao\/\"><strong>Legisla\u00e7\u00e3o<\/strong><\/a><\/p>\n<\/div>\n\n\n\n<div class=\"wp-block-column is-layout-flow wp-block-column-is-layout-flow\">\n<p class=\"has-text-align-center has-white-color has-text-color has-background has-link-color wp-elements-9bcd39024d63b7c04f2fd49b53a0ab9a\" style=\"background-color:#1094ab\"><a href=\"https:\/\/academica.fsp.usp.br\/index.php\/2025\/04\/07\/orgaos-colegiados\/\"><strong>Congrega\u00e7\u00e3o<\/strong><\/a><\/p>\n<\/div>\n\n\n\n<div class=\"wp-block-column is-layout-flow wp-block-column-is-layout-flow\">\n<p class=\"has-white-color has-text-color has-background has-link-color wp-elements-69ddc4cc185c21dce387a23812c6307b\" style=\"background-color:#1094ab\"><a href=\"https:\/\/academica.fsp.usp.br\/index.php\/links-externos\/\"><strong>Links Externos<\/strong><\/a><\/p>\n<\/div>\n<\/div>\n\n\n\n<p><\/p>\n","protected":false},"excerpt":{"rendered":"<p>Carreira Docente Elei\u00e7\u00f5es Legisla\u00e7\u00e3o Congrega\u00e7\u00e3o Links Externos<\/p>\n","protected":false},"author":3,"featured_media":0,"parent":0,"menu_order":0,"comment_status":"closed","ping_status":"closed","template":"","meta":{"footnotes":""},"class_list":["post-2895","page","type-page","status-publish","hentry"],"_links":{"self":[{"href":"https:\/\/academica.fsp.usp.br\/index.php\/wp-json\/wp\/v2\/pages\/2895","targetHints":{"allow":["GET"]}}],"collection":[{"href":"https:\/\/academica.fsp.usp.br\/index.php\/wp-json\/wp\/v2\/pages"}],"about":[{"href":"https:\/\/academica.fsp.usp.br\/index.php\/wp-json\/wp\/v2\/types\/page"}],"author":[{"embeddable":true,"href":"https:\/\/academica.fsp.usp.br\/index.php\/wp-json\/wp\/v2\/users\/3"}],"replies":[{"embeddable":true,"href":"https:\/\/academica.fsp.usp.br\/index.php\/wp-json\/wp\/v2\/comments?post=2895"}],"version-history":[{"count":18,"href":"https:\/\/academica.fsp.usp.br\/index.php\/wp-json\/wp\/v2\/pages\/2895\/revisions"}],"predecessor-version":[{"id":3733,"href":"https:\/\/academica.fsp.usp.br\/index.php\/wp-json\/wp\/v2\/pages\/2895\/revisions\/3733"}],"wp:attachment":[{"href":"https:\/\/academica.fsp.usp.br\/index.php\/wp-json\/wp\/v2\/media?parent=2895"}],"curies":[{"name":"wp","href":"https:\/\/api.w.org\/{rel}","templated":true}]}}