{"id":3150,"date":"2025-04-24T15:33:13","date_gmt":"2025-04-24T18:33:13","guid":{"rendered":"https:\/\/hygeiadesenv.academica.fsp.usp.br\/?page_id=3150"},"modified":"2025-05-29T08:30:02","modified_gmt":"2025-05-29T11:30:02","slug":"sobre","status":"publish","type":"page","link":"https:\/\/academica.fsp.usp.br\/index.php\/sobre\/","title":{"rendered":"Sobre"},"content":{"rendered":"\n<p>A <strong>D<\/strong>i<strong>v<\/strong>is\u00e3o <strong>Acad<\/strong>\u00eamica (<strong>DVACAD<\/strong>) \u00e9 diretamente vinculada \u00e0 Dire\u00e7\u00e3o da FSP-USP e cuida para que todas as atividades e processos que t\u00eam por objeto promover o ensino, a pesquisa e a cultura e extens\u00e3o sejam conduzidos dentro dos padr\u00f5es e normas estabelecidos pela legisla\u00e7\u00e3o vigente no pa\u00eds e pelas normas da pr\u00f3pria Universidade.<br>\u00c0 <strong>DVACAD<\/strong> compete:<br><strong>1)<\/strong> Assessorar o(a) Diretor(a), o(a) Vice-Diretor(a), os professores e os alunos da FSP-USP, nos assuntos acad\u00eamicos, com base nas disposi\u00e7\u00f5es estatut\u00e1rias e regimentais da Universidade, visando assegurar a corre\u00e7\u00e3o t\u00e9cnica e legal das decis\u00f5es e encaminhamentos dados aos referidos assuntos;<br><strong>2)<\/strong> Organizar, assessorar e instruir documentalmente as reuni\u00f5es da Congrega\u00e7\u00e3o, providenciando o encaminhamento das delibera\u00e7\u00f5es;<br><strong>3)<\/strong> Organizar os trabalhos administrativos dos concursos da carreira docente, assessorando as Comiss\u00f5es Julgadoras quanto aos aspectos estatut\u00e1rios e regimentais;<br><strong>4)<\/strong> Organizar e executar as atividades referentes \u00e0s elei\u00e7\u00f5es dos membros docentes da Congrega\u00e7\u00e3o, dos representantes da Unidade junto ao Conselho Universit\u00e1rio, dos membros discentes junto aos Colegiados da FSP-USP e da elei\u00e7\u00e3o para escolha do(a) Diretor(a) e do(a) Vice-Diretor(a) da FSP-USP;<br><strong>5)<\/strong> Apoiar os Servi\u00e7os de Gradua\u00e7\u00e3o, de P\u00f3s-Gradua\u00e7\u00e3o e de Apoio \u00e0s Comiss\u00f5es.<br><\/p>\n\n\n\n<p><strong>Divis\u00e3o Acad\u00eamica<\/strong><br><strong>USP<\/strong>\u00a0\u2013 Universidade de S\u00e3o Paulo<br><strong>FSP<\/strong>\u00a0\u2013 Faculdade de Sa\u00fade P\u00fablica<br>Av. Dr. Arnaldo, 715<br>S\u00e3o Paulo\/SP<br>CEP: 01246-904<br>e-mail:\u00a0<a href=\"mailto:acad@fsp.usp.br\">acad@fsp.usp.br<\/a><br>telefone: (11) 3061-8100 op\u00e7\u00e3o 7 (&#8220;Falar com Divis\u00e3o Acad\u00eamica&#8221;)<\/p>\n","protected":false},"excerpt":{"rendered":"<p>A Divis\u00e3o Acad\u00eamica (DVACAD) \u00e9 diretamente vinculada \u00e0 Dire\u00e7\u00e3o da FSP-USP e cuida para que todas as atividades e processos que t\u00eam por objeto promover o ensino, a pesquisa e a cultura e extens\u00e3o sejam conduzidos dentro dos padr\u00f5es e <a href=\"https:\/\/academica.fsp.usp.br\/index.php\/sobre\/\" class=\"read-more\">Leia mais &#8230;<\/a><\/p>\n","protected":false},"author":4,"featured_media":0,"parent":0,"menu_order":0,"comment_status":"closed","ping_status":"closed","template":"","meta":{"footnotes":""},"class_list":["post-3150","page","type-page","status-publish","hentry"],"_links":{"self":[{"href":"https:\/\/academica.fsp.usp.br\/index.php\/wp-json\/wp\/v2\/pages\/3150","targetHints":{"allow":["GET"]}}],"collection":[{"href":"https:\/\/academica.fsp.usp.br\/index.php\/wp-json\/wp\/v2\/pages"}],"about":[{"href":"https:\/\/academica.fsp.usp.br\/index.php\/wp-json\/wp\/v2\/types\/page"}],"author":[{"embeddable":true,"href":"https:\/\/academica.fsp.usp.br\/index.php\/wp-json\/wp\/v2\/users\/4"}],"replies":[{"embeddable":true,"href":"https:\/\/academica.fsp.usp.br\/index.php\/wp-json\/wp\/v2\/comments?post=3150"}],"version-history":[{"count":8,"href":"https:\/\/academica.fsp.usp.br\/index.php\/wp-json\/wp\/v2\/pages\/3150\/revisions"}],"predecessor-version":[{"id":3505,"href":"https:\/\/academica.fsp.usp.br\/index.php\/wp-json\/wp\/v2\/pages\/3150\/revisions\/3505"}],"wp:attachment":[{"href":"https:\/\/academica.fsp.usp.br\/index.php\/wp-json\/wp\/v2\/media?parent=3150"}],"curies":[{"name":"wp","href":"https:\/\/api.w.org\/{rel}","templated":true}]}}